{"id":2733,"date":"2024-06-24T07:48:24","date_gmt":"2024-06-24T05:48:24","guid":{"rendered":"https:\/\/cyclosdesavaloirs.fr\/?page_id=2733"},"modified":"2024-06-24T10:44:28","modified_gmt":"2024-06-24T08:44:28","slug":"les-nouveautes-2024","status":"publish","type":"page","link":"https:\/\/cyclosdesavaloirs.fr\/index.php\/les-nouveautes-2024\/","title":{"rendered":"Les nouveaut\u00e9s 2024"},"content":{"rendered":"\n<p>L&#8217;\u00e9dition 2023 des balades d&#8217;\u00e9t\u00e9 a connu un r\u00e9el succ\u00e8s aupr\u00e8s des promeneurs du soir et d\u00e9montr\u00e9, une nouvelle fois, le bien fond\u00e9 du v\u00e9lo comme \u00e9l\u00e9ment incontournable du vivre ensemble.<\/p>\n\n\n\n<div class=\"wp-block-cover\" style=\"min-height:512px;aspect-ratio:unset;\"><span aria-hidden=\"true\" class=\"wp-block-cover__background has-background-dim\"><\/span><img loading=\"lazy\" decoding=\"async\" width=\"1024\" height=\"768\" class=\"wp-block-cover__image-background wp-image-2737\" alt=\"\" src=\"https:\/\/cyclosdesavaloirs.fr\/wp-content\/uploads\/2024\/06\/IMG_8798-1-1024x768.jpeg\" data-object-fit=\"cover\" srcset=\"https:\/\/cyclosdesavaloirs.fr\/wp-content\/uploads\/2024\/06\/IMG_8798-1-1024x768.jpeg 1024w, https:\/\/cyclosdesavaloirs.fr\/wp-content\/uploads\/2024\/06\/IMG_8798-1-300x225.jpeg 300w, https:\/\/cyclosdesavaloirs.fr\/wp-content\/uploads\/2024\/06\/IMG_8798-1-768x576.jpeg 768w, https:\/\/cyclosdesavaloirs.fr\/wp-content\/uploads\/2024\/06\/IMG_8798-1-1536x1152.jpeg 1536w, https:\/\/cyclosdesavaloirs.fr\/wp-content\/uploads\/2024\/06\/IMG_8798-1-2048x1536.jpeg 2048w, https:\/\/cyclosdesavaloirs.fr\/wp-content\/uploads\/2024\/06\/IMG_8798-1-600x450.jpeg 600w\" sizes=\"auto, (max-width: 1024px) 100vw, 1024px\" \/><div class=\"wp-block-cover__inner-container is-layout-flow wp-block-cover-is-layout-flow\">\n<p><\/p>\n\n\n\n<p><\/p>\n\n\n\n<p><\/p>\n\n\n\n<p><\/p>\n\n\n\n<p><\/p>\n\n\n\n<p><\/p>\n\n\n\n<p><\/p>\n\n\n\n<p><\/p>\n\n\n\n<p><\/p>\n\n\n\n<p class=\"has-text-align-center has-large-font-size\">Ensemble, vivons un \u00e9t\u00e9 olympique !<\/p>\n<\/div><\/div>\n\n\n\n<p>Forts de cet enthousiasme partag\u00e9, les Cyclos des Avaloirs nourrissent l&#8217;ambition d&#8217;\u00e9largir leur offre au plus grand nombre en initiant des balades &#8220;SPECIALES&#8221; qui r\u00e9uniront &#8220;Assidus du mercredi&#8221;, &#8220;invit\u00e9s du jour&#8221; et cyclos-guides pour une promenade du soir s&#8217;inspirant de l&#8217;esprit des tournois &#8220;corpos&#8221; du temps : rencontre, bout de chemin ensemble, et partage du verre de l&#8217;amiti\u00e9&#8230;<\/p>\n\n\n\n<ul class=\"wp-block-list\">\n<li>mercredi 03 juillet, 19h00, Espace Leson : &#8220;<strong>Inauguration des balades d&#8217;\u00e9t\u00e9 2024<\/strong>&#8220;<\/li>\n<\/ul>\n\n\n\n<p class=\"has-text-align-center\">Au menu des SPECIALES 2024 :<\/p>\n\n\n\n<ul class=\"wp-block-list\">\n<li>mercredi 10 juillet 2024 : balade sp\u00e9ciale <strong>&#8220;Enfants et familles&#8221;<\/strong><\/li>\n<\/ul>\n\n\n\n<ul class=\"wp-block-list\">\n<li>mercredi 17 juillet : balade sp\u00e9ciale <strong>&#8220;Associations&#8221;<\/strong><\/li>\n<\/ul>\n\n\n\n<ul class=\"wp-block-list\">\n<li>mercredi 24 juillet : balade sp\u00e9ciale<strong> &#8220;Artisans et Commer\u00e7ants&#8221;<\/strong><\/li>\n<\/ul>\n\n\n<div class=\"wp-block-image\">\n<figure class=\"aligncenter size-full is-resized\"><img loading=\"lazy\" decoding=\"async\" width=\"219\" height=\"230\" src=\"https:\/\/cyclosdesavaloirs.fr\/wp-content\/uploads\/2024\/06\/image-13.png\" alt=\"\" class=\"wp-image-2749\" style=\"width:409px;height:auto\"\/><\/figure>\n<\/div>\n\n\n<p><\/p>\n\n\n\n<p><\/p>\n","protected":false},"excerpt":{"rendered":"<p>L&#8217;\u00e9dition 2023 des balades d&#8217;\u00e9t\u00e9 a connu un r\u00e9el succ\u00e8s aupr\u00e8s des promeneurs du soir et d\u00e9montr\u00e9, une nouvelle fois, le bien fond\u00e9 du v\u00e9lo<\/p>\n","protected":false},"author":1,"featured_media":0,"parent":0,"menu_order":0,"comment_status":"closed","ping_status":"closed","template":"","meta":{"footnotes":""},"class_list":["post-2733","page","type-page","status-publish","hentry","comments-off"],"yoast_head":"<!-- This site is optimized with the Yoast SEO plugin v27.5 - https:\/\/yoast.com\/product\/yoast-seo-wordpress\/ -->\n<title>Les nouveaut\u00e9s 2024 - CYCLOS DES AVALOIRS<\/title>\n<meta name=\"robots\" content=\"index, follow, max-snippet:-1, max-image-preview:large, max-video-preview:-1\" \/>\n<link rel=\"canonical\" href=\"https:\/\/cyclosdesavaloirs.fr\/index.php\/les-nouveautes-2024\/\" \/>\n<meta property=\"og:locale\" content=\"en_US\" \/>\n<meta property=\"og:type\" content=\"article\" \/>\n<meta property=\"og:title\" content=\"Les nouveaut\u00e9s 2024 - CYCLOS DES AVALOIRS\" \/>\n<meta property=\"og:description\" content=\"L&#8217;\u00e9dition 2023 des balades d&#8217;\u00e9t\u00e9 a connu un r\u00e9el succ\u00e8s aupr\u00e8s des promeneurs du soir et d\u00e9montr\u00e9, une nouvelle fois, le bien fond\u00e9 du v\u00e9lo\" \/>\n<meta property=\"og:url\" content=\"https:\/\/cyclosdesavaloirs.fr\/index.php\/les-nouveautes-2024\/\" \/>\n<meta property=\"og:site_name\" content=\"CYCLOS DES AVALOIRS\" \/>\n<meta property=\"article:publisher\" content=\"https:\/\/www.facebook.com\/Cyclos-des-Avaloirs-108867535260146\" \/>\n<meta property=\"article:modified_time\" content=\"2024-06-24T08:44:28+00:00\" \/>\n<meta property=\"og:image\" content=\"https:\/\/cyclosdesavaloirs.fr\/wp-content\/uploads\/2024\/06\/IMG_8798-1-1024x768.jpeg\" \/>\n<meta name=\"twitter:card\" content=\"summary_large_image\" \/>\n<meta name=\"twitter:label1\" content=\"Est. reading time\" \/>\n\t<meta name=\"twitter:data1\" content=\"1 minute\" \/>\n<script type=\"application\/ld+json\" class=\"yoast-schema-graph\">{\"@context\":\"https:\\\/\\\/schema.org\",\"@graph\":[{\"@type\":\"WebPage\",\"@id\":\"https:\\\/\\\/cyclosdesavaloirs.fr\\\/index.php\\\/les-nouveautes-2024\\\/\",\"url\":\"https:\\\/\\\/cyclosdesavaloirs.fr\\\/index.php\\\/les-nouveautes-2024\\\/\",\"name\":\"Les nouveaut\u00e9s 2024 - CYCLOS DES AVALOIRS\",\"isPartOf\":{\"@id\":\"https:\\\/\\\/cyclosdesavaloirs.fr\\\/#website\"},\"primaryImageOfPage\":{\"@id\":\"https:\\\/\\\/cyclosdesavaloirs.fr\\\/index.php\\\/les-nouveautes-2024\\\/#primaryimage\"},\"image\":{\"@id\":\"https:\\\/\\\/cyclosdesavaloirs.fr\\\/index.php\\\/les-nouveautes-2024\\\/#primaryimage\"},\"thumbnailUrl\":\"https:\\\/\\\/cyclosdesavaloirs.fr\\\/wp-content\\\/uploads\\\/2024\\\/06\\\/IMG_8798-1-1024x768.jpeg\",\"datePublished\":\"2024-06-24T05:48:24+00:00\",\"dateModified\":\"2024-06-24T08:44:28+00:00\",\"breadcrumb\":{\"@id\":\"https:\\\/\\\/cyclosdesavaloirs.fr\\\/index.php\\\/les-nouveautes-2024\\\/#breadcrumb\"},\"inLanguage\":\"en-US\",\"potentialAction\":[{\"@type\":\"ReadAction\",\"target\":[\"https:\\\/\\\/cyclosdesavaloirs.fr\\\/index.php\\\/les-nouveautes-2024\\\/\"]}]},{\"@type\":\"ImageObject\",\"inLanguage\":\"en-US\",\"@id\":\"https:\\\/\\\/cyclosdesavaloirs.fr\\\/index.php\\\/les-nouveautes-2024\\\/#primaryimage\",\"url\":\"https:\\\/\\\/cyclosdesavaloirs.fr\\\/wp-content\\\/uploads\\\/2024\\\/06\\\/IMG_8798-1-scaled.jpeg\",\"contentUrl\":\"https:\\\/\\\/cyclosdesavaloirs.fr\\\/wp-content\\\/uploads\\\/2024\\\/06\\\/IMG_8798-1-scaled.jpeg\",\"width\":2560,\"height\":1920},{\"@type\":\"BreadcrumbList\",\"@id\":\"https:\\\/\\\/cyclosdesavaloirs.fr\\\/index.php\\\/les-nouveautes-2024\\\/#breadcrumb\",\"itemListElement\":[{\"@type\":\"ListItem\",\"position\":1,\"name\":\"Accueil\",\"item\":\"https:\\\/\\\/cyclosdesavaloirs.fr\\\/\"},{\"@type\":\"ListItem\",\"position\":2,\"name\":\"Les nouveaut\u00e9s 2024\"}]},{\"@type\":\"WebSite\",\"@id\":\"https:\\\/\\\/cyclosdesavaloirs.fr\\\/#website\",\"url\":\"https:\\\/\\\/cyclosdesavaloirs.fr\\\/\",\"name\":\"CYCLOS DES AVALOIRS\",\"description\":\"A v\u00e9lo, tout est plus beau et \u00e0 plusieurs, c&#039;est encore meilleur !\",\"publisher\":{\"@id\":\"https:\\\/\\\/cyclosdesavaloirs.fr\\\/#organization\"},\"potentialAction\":[{\"@type\":\"SearchAction\",\"target\":{\"@type\":\"EntryPoint\",\"urlTemplate\":\"https:\\\/\\\/cyclosdesavaloirs.fr\\\/?s={search_term_string}\"},\"query-input\":{\"@type\":\"PropertyValueSpecification\",\"valueRequired\":true,\"valueName\":\"search_term_string\"}}],\"inLanguage\":\"en-US\"},{\"@type\":\"Organization\",\"@id\":\"https:\\\/\\\/cyclosdesavaloirs.fr\\\/#organization\",\"name\":\"CYCLOS DES AVALOIRS\",\"url\":\"https:\\\/\\\/cyclosdesavaloirs.fr\\\/\",\"logo\":{\"@type\":\"ImageObject\",\"inLanguage\":\"en-US\",\"@id\":\"https:\\\/\\\/cyclosdesavaloirs.fr\\\/#\\\/schema\\\/logo\\\/image\\\/\",\"url\":\"https:\\\/\\\/cyclosdesavaloirs.fr\\\/wp-content\\\/uploads\\\/2022\\\/06\\\/cropped-cropped-cropped-cropped-LOGO_CYLCOS-1.png\",\"contentUrl\":\"https:\\\/\\\/cyclosdesavaloirs.fr\\\/wp-content\\\/uploads\\\/2022\\\/06\\\/cropped-cropped-cropped-cropped-LOGO_CYLCOS-1.png\",\"width\":240,\"height\":240,\"caption\":\"CYCLOS DES AVALOIRS\"},\"image\":{\"@id\":\"https:\\\/\\\/cyclosdesavaloirs.fr\\\/#\\\/schema\\\/logo\\\/image\\\/\"},\"sameAs\":[\"https:\\\/\\\/www.facebook.com\\\/Cyclos-des-Avaloirs-108867535260146\"]}]}<\/script>\n<!-- \/ Yoast SEO plugin. -->","yoast_head_json":{"title":"Les nouveaut\u00e9s 2024 - CYCLOS DES AVALOIRS","robots":{"index":"index","follow":"follow","max-snippet":"max-snippet:-1","max-image-preview":"max-image-preview:large","max-video-preview":"max-video-preview:-1"},"canonical":"https:\/\/cyclosdesavaloirs.fr\/index.php\/les-nouveautes-2024\/","og_locale":"en_US","og_type":"article","og_title":"Les nouveaut\u00e9s 2024 - CYCLOS DES AVALOIRS","og_description":"L&#8217;\u00e9dition 2023 des balades d&#8217;\u00e9t\u00e9 a connu un r\u00e9el succ\u00e8s aupr\u00e8s des promeneurs du soir et d\u00e9montr\u00e9, une nouvelle fois, le bien fond\u00e9 du v\u00e9lo","og_url":"https:\/\/cyclosdesavaloirs.fr\/index.php\/les-nouveautes-2024\/","og_site_name":"CYCLOS DES AVALOIRS","article_publisher":"https:\/\/www.facebook.com\/Cyclos-des-Avaloirs-108867535260146","article_modified_time":"2024-06-24T08:44:28+00:00","og_image":[{"url":"https:\/\/cyclosdesavaloirs.fr\/wp-content\/uploads\/2024\/06\/IMG_8798-1-1024x768.jpeg","type":"","width":"","height":""}],"twitter_card":"summary_large_image","twitter_misc":{"Est. reading time":"1 minute"},"schema":{"@context":"https:\/\/schema.org","@graph":[{"@type":"WebPage","@id":"https:\/\/cyclosdesavaloirs.fr\/index.php\/les-nouveautes-2024\/","url":"https:\/\/cyclosdesavaloirs.fr\/index.php\/les-nouveautes-2024\/","name":"Les nouveaut\u00e9s 2024 - CYCLOS DES AVALOIRS","isPartOf":{"@id":"https:\/\/cyclosdesavaloirs.fr\/#website"},"primaryImageOfPage":{"@id":"https:\/\/cyclosdesavaloirs.fr\/index.php\/les-nouveautes-2024\/#primaryimage"},"image":{"@id":"https:\/\/cyclosdesavaloirs.fr\/index.php\/les-nouveautes-2024\/#primaryimage"},"thumbnailUrl":"https:\/\/cyclosdesavaloirs.fr\/wp-content\/uploads\/2024\/06\/IMG_8798-1-1024x768.jpeg","datePublished":"2024-06-24T05:48:24+00:00","dateModified":"2024-06-24T08:44:28+00:00","breadcrumb":{"@id":"https:\/\/cyclosdesavaloirs.fr\/index.php\/les-nouveautes-2024\/#breadcrumb"},"inLanguage":"en-US","potentialAction":[{"@type":"ReadAction","target":["https:\/\/cyclosdesavaloirs.fr\/index.php\/les-nouveautes-2024\/"]}]},{"@type":"ImageObject","inLanguage":"en-US","@id":"https:\/\/cyclosdesavaloirs.fr\/index.php\/les-nouveautes-2024\/#primaryimage","url":"https:\/\/cyclosdesavaloirs.fr\/wp-content\/uploads\/2024\/06\/IMG_8798-1-scaled.jpeg","contentUrl":"https:\/\/cyclosdesavaloirs.fr\/wp-content\/uploads\/2024\/06\/IMG_8798-1-scaled.jpeg","width":2560,"height":1920},{"@type":"BreadcrumbList","@id":"https:\/\/cyclosdesavaloirs.fr\/index.php\/les-nouveautes-2024\/#breadcrumb","itemListElement":[{"@type":"ListItem","position":1,"name":"Accueil","item":"https:\/\/cyclosdesavaloirs.fr\/"},{"@type":"ListItem","position":2,"name":"Les nouveaut\u00e9s 2024"}]},{"@type":"WebSite","@id":"https:\/\/cyclosdesavaloirs.fr\/#website","url":"https:\/\/cyclosdesavaloirs.fr\/","name":"CYCLOS DES AVALOIRS","description":"A v\u00e9lo, tout est plus beau et \u00e0 plusieurs, c&#039;est encore meilleur !","publisher":{"@id":"https:\/\/cyclosdesavaloirs.fr\/#organization"},"potentialAction":[{"@type":"SearchAction","target":{"@type":"EntryPoint","urlTemplate":"https:\/\/cyclosdesavaloirs.fr\/?s={search_term_string}"},"query-input":{"@type":"PropertyValueSpecification","valueRequired":true,"valueName":"search_term_string"}}],"inLanguage":"en-US"},{"@type":"Organization","@id":"https:\/\/cyclosdesavaloirs.fr\/#organization","name":"CYCLOS DES AVALOIRS","url":"https:\/\/cyclosdesavaloirs.fr\/","logo":{"@type":"ImageObject","inLanguage":"en-US","@id":"https:\/\/cyclosdesavaloirs.fr\/#\/schema\/logo\/image\/","url":"https:\/\/cyclosdesavaloirs.fr\/wp-content\/uploads\/2022\/06\/cropped-cropped-cropped-cropped-LOGO_CYLCOS-1.png","contentUrl":"https:\/\/cyclosdesavaloirs.fr\/wp-content\/uploads\/2022\/06\/cropped-cropped-cropped-cropped-LOGO_CYLCOS-1.png","width":240,"height":240,"caption":"CYCLOS DES AVALOIRS"},"image":{"@id":"https:\/\/cyclosdesavaloirs.fr\/#\/schema\/logo\/image\/"},"sameAs":["https:\/\/www.facebook.com\/Cyclos-des-Avaloirs-108867535260146"]}]}},"_links":{"self":[{"href":"https:\/\/cyclosdesavaloirs.fr\/index.php\/wp-json\/wp\/v2\/pages\/2733","targetHints":{"allow":["GET"]}}],"collection":[{"href":"https:\/\/cyclosdesavaloirs.fr\/index.php\/wp-json\/wp\/v2\/pages"}],"about":[{"href":"https:\/\/cyclosdesavaloirs.fr\/index.php\/wp-json\/wp\/v2\/types\/page"}],"author":[{"embeddable":true,"href":"https:\/\/cyclosdesavaloirs.fr\/index.php\/wp-json\/wp\/v2\/users\/1"}],"replies":[{"embeddable":true,"href":"https:\/\/cyclosdesavaloirs.fr\/index.php\/wp-json\/wp\/v2\/comments?post=2733"}],"version-history":[{"count":7,"href":"https:\/\/cyclosdesavaloirs.fr\/index.php\/wp-json\/wp\/v2\/pages\/2733\/revisions"}],"predecessor-version":[{"id":2751,"href":"https:\/\/cyclosdesavaloirs.fr\/index.php\/wp-json\/wp\/v2\/pages\/2733\/revisions\/2751"}],"wp:attachment":[{"href":"https:\/\/cyclosdesavaloirs.fr\/index.php\/wp-json\/wp\/v2\/media?parent=2733"}],"curies":[{"name":"wp","href":"https:\/\/api.w.org\/{rel}","templated":true}]}}